 + 15 = j. Suppose u = 10*g - 5*g - 65. Calculate the remainder when 38 is divided by g.
12
Suppose 1280 - 272 = 28*i. Calculate the remainder when 166 is divided by i.
22
Let u = -702 + 832. Calculate the remainder when u is divided by 22.
20
Let k(l) = l**2 + 14*l - 33. Let h be k(-15). Calculate the remainder when 75 is divided by 3/(-9) + -2*237/h.
23
Let o = 121 + -90. What is the remainder when o is divided by 14?
3
Let r(o) be the second derivative of o**4/6 + o**3 - 3*o**2 + 11*o. Calculate the remainder when r(-5) is divided by 6.
2
Calculate the remainder when 4/6 + (-50)/(-6) is divided by ((-30)/70)/((-4)/28).
0
Let f be ((-6)/(-8)*-2)/(9/(-12)). What is the remainder when -1*2*106/(-4) is divided by (-1 - (-3)/f)*(23 + -1)?
9
Let q = -2486 - -2503. What is the remainder when 356 is divided by q?
16
Let z = -6 + 31. What is the remainder when (-657)/12*(-20)/15 is divided by z?
23
Suppose -1699*x + 117 = -1690*x. Calculate the remainder when 207 is divided by x.
12
Let n(f) = 5*f**2 - 67*f + 30. Calculate the remainder when 582 is divided by n(13).
2
Suppose 631 = 14*l - 111. Calculate the remainder when l is divided by 7.
4
Suppose 0 = -2*j - 2*o + 7*o - 2, -4*o = 0. Let d(f) = 52*f**2. Suppose 2*c = -3*c + 55. What is the remainder when d(j) is divided by c?
8
Suppose 956 = 5*z + c, -65*z - 2*c = -66*z + 189. Calculate the remainder when z is divided by 87.
17
Suppose 5*o - 1246 = 2*l, 0 = -19*l + 14*l + 10. Calculate the remainder when o is divided by 23.
20
Suppose -264 = -30*q + 19*q. What is the remainder when 261 is divided by q?
21
Let d be 6 + 385/(-63) - (-416)/18. Suppose 0 = d*q - 25*q + 12. Suppose -o + 0 = -3. What is the remainder when q is divided by o?
0
Let p(x) = x + 11. Let u = 272 - 208. What is the remainder when u is divided by p(0)?
9
Let s(f) = 63*f + 1156. Calculate the remainder when 43 is divided by s(-18).
21
Suppose -8 = -3*i - i. Calculate the remainder when 66 is divided by 1/i*26 - -4.
15
Let u = 13 - 11. Suppose u*h - 3*w = 42, -h + 2*h = 4*w + 16. Calculate the remainder when 82 is divided by h.
10
Calculate the remainder when ((-1734)/(-15))/(10/25) is divided by 29.
28
Suppose 4*u - 27 + 10 = 5*t, -5*u + 10 = -4*t. Let s = -4 - t. Calculate the remainder when 616/16 + s/(-2) is divided by 10.
8
Calculate the remainder when ((-498)/(-7))/((-12)/(-42)) is divided by 36.
33
Let d = -24 + 19. Let f = d - -11. What is the remainder when 20 is divided by f?
2
Let g(f) = f**3 + 8*f**2 - 9*f + 10. Let d be 2/((-100)/45 - -2). What is the remainder when 15 is divided by g(d)?
5
Let d(o) = 206*o**2 + o + 1. What is the remainder when d(2) is divided by 5?
2
Suppose -4*d - 8 = 0, 0*r + 2*d - 181 = -r. Let l(p) = 2*p**2 + 4*p - 17. What is the remainder when r is divided by l(-6)?
30
Let v(y) = 6*y - 64. Calculate the remainder when v(11) is divided by 1.
0
What is the remainder when 404 + 10*9/18 is divided by 23?
18
Suppose 15*j + 500 = 20*j. Calculate the remainder when j is divided by 52.
48
Calculate the remainder when 136 is divided by (-228)/(-15)*4/(4/5).
60
Suppose -3*o = -12 - 12. Calculate the remainder when 23 is divided by o.
7
Let u = -1767 - -1777. Suppose -4*p + 3*p + 2 = 0. What is the remainder when (p + -8)/(2/(-13)) is divided by u?
9
Let i = -1 - -6. Let c(n) = 3*n**2 + 2*n - 4. Let p be c(-2). Suppose 4 = -p*x + i*x. What is the remainder when 6 is divided by x?
2
Suppose 2*z - 4576 = -24*z. Calculate the remainder when z is divided by 57.
5
Suppose 0 = 113*m + 9993 - 32367. What is the remainder when m is divided by 14?
2
Let n = 269 + -164. Calculate the remainder when n is divided by 27.
24
Let v be (-4)/(-22) + 0 + (-6496)/154. Let r = 16 - v. Calculate the remainder when r is divided by 5.
3
Suppose 4*m - 2*m + 4 = 0. Suppose -2*d - 41 = 2*a - 3*a, 5*a = 5*d + 200. What is the remainder when a is divided by m/9 + (-736)/(-72)?
9
Let f be ((8/(-12))/2)/(11/132). Let i(w) be the second derivative of -w**3/3 + 2*w. Calculate the remainder when i(f) is divided by 5.
3
Suppose 3*z + 5*i - 230 = 0, -27 = -z + 2*i + 35. Calculate the remainder when z is divided by (-1)/4 + (-5432)/(-224).
22
What is the remainder when 693 is divided by (-15)/(-10)*4*(-2 - -4)?
9
Let x be (4 + -8)/(-1 + 0). Suppose x*b + y - 275 = 0, 2*b + b + 5*y = 202. What is the remainder when b is divided by 12?
9
Suppose 0 = 2*i + 4*w - 86, w = -0*w + 2. Suppose 84 = -28*y + 32*y. What is the remainder when i is divided by y?
18
Let m(x) = 3*x**2 + 19. Suppose 7*g + 42 = 10*g. Calculate the remainder when m(4) is divided by g.
11
Let z = 69 + -61. Calculate the remainder when 15*(z/6)/2 is divided by 7.
3
Let q = -13 + 27. Let r(z) = -z**2 - 16*z + 8. Calculate the remainder when r(-6) is divided by q.
12
What is the remainder when 72 is divided by 5 - 143/26 - (-102)/4?
22
Suppose -3*q + u = 135 - 608, -5*q + 789 = -u. Let w = q + -102. Calculate the remainder when (0 - -1)*(w - 19) is divided by 14.
9
Let n(t) be the first derivative of -3*t**2/2 - t + 3. Let y be n(-2). Let z = 2 + y. Calculate the remainder when 34 is divided by z.
6
Suppose -4*l - 67 = -3*h, -2*h + 0*l - 3*l + 22 = 0. Let x(j) = 1 - 3 - 2 - 4*j + 5. Calculate the remainder when h is divided by x(-2).
8
Suppose 3*p + 3*p = 270. Let a be p/15 - (0 + 0). Suppose -a*s = -7*s + 2*v + 66, 3*v = 9. What is the remainder when 32 is divided by s?
14
Let a(j) = -j**2 + 10*j - 10. Let c be a(8). Let w be (-2 - (-4)/c)*12. Calculate the remainder when (w/12)/(1/(-12)) is divided by 9.
7
Let t(a) = 11*a + 4. Let m(p) = 4*p + 1. Let u(n) = -17*m(n) + 6*t(n). Let d(v) = v**2 - 4*v + 5. What is the remainder when d(6) is divided by u(0)?
3
Let o = 46 - 109. Let g = o + 88. Let q = 35 - g. Calculate the remainder when q is divided by 4.
2
Let j(i) = 2*i. Let z be j(-5). Let w(l) = -l**2 - 12*l - 14. Let d be w(z). Suppose 32 = 2*y + d. What is the remainder when 49 is divided by y?
10
Suppose -4*a + a + 39 = 0. Let x = 18 - a. Calculate the remainder when 22 is divided by x.
2
Let l(w) = -w**2 - 4*w - 3. Let x be l(-3). Calculate the remainder when x + (89 - 3) + -3 is divided by 17.
15
Let l(v) = -v**2 + 11*v + 9. Let m be l(11). Let i(b) = b**3 - 8*b**2 - 4*b - 9. What is the remainder when 68 is divided by i(m)?
32
Let x be (53 + -41)/((-3)/(-2)). Let m = -10 - -4. Calculate the remainder when x/(-12) - 394/m is divided by 17.
14
Suppose -3*c - 12*c + 270 = 0. Calculate the remainder when -4 - (-5 + 3) - -73 is divided by c.
17
Calculate the remainder when (-11724)/(-72) + 3/18 is divided by 33.
31
Let o = 135 + -74. Let t = -30 + o. What is the remainder when 153 is divided by t?
29
Let w(x) = -14*x - 10 + 23*x + 33*x. Let v be w(4). Let a = v - 83. Calculate the remainder when a is divided by 19.
18
Let u(n) = -3*n**3 - n**3 + 116*n + 2 - 110*n - n**2. Calculate the remainder when u(-2) is divided by (-2)/6 - 44/(-6).
4
Suppose q - 3*b - 74 = 0, -5*q - 5*b + 2*b = -352. Let s = q - 10. Suppose 37 = 2*o + 5. Calculate the remainder when s is divided by o.
13
Let t = 1137 - 787. Suppose -t = -3*u - 7*u. Suppose -2*h = h - 27. What is the remainder when u is divided by h?
8
Let u(v) = 5*v + 85. Calculate the remainder when u(-8) is divided by (-1 - 1)*(-75)/6.
20
Suppose -28 = v - 2*b, -3*b + 37 = -2*v - 15. Calculate the remainder when 22 is divided by ((-28)/v)/(4/20).
1
Let r(o) = o**2 - 41*o + 218. What is the remainder when r(36) is divided by 15?
8
Let t be ((-2)/5)/(7/280). Let s = 18 + t. Suppose -l = 2*m - 32, -76 = -3*l + s*m - 3*m. Calculate the remainder when 71 is divided by l.
23
Suppose -65 = -5*p + 5*s, 4*p + 3*s = 25 + 6. Let x = 239 - 221. Calculate the remainder when x is divided by p.
8
Suppose 30 = m - 58. Calculate the remainder when m is divided by 5.
3
What is the remainder when 655/(-2)*12/(-30) is divided by 33?
32
Suppose 27 - 4 = n. Let l be 80/3 + (-3)/(-9). Let v = -15 + l. What is the remainder when n is divided by v?
11
Let j(n) = -n**3 + 19*n**2 + 3*n - 46. What is the remainder when 51 is divided by j(19)?
7
Let r = 163 - 92. What is the remainder when r is divided by (576/84)/(6/21)?
23
Suppose 0*f - 51 = -3*f. Suppose 69 - 75 = -2*w. Suppose -2*u + 18 - 267 = -5*b, -155 = -w*b + 4*u. Calculate the remainder when b is d